x. Let y(u) be the third derivative of p(u). What is y(7)?
5
Let t be 9/12 + 45/4. Suppose -t = -5*s - 2. Let g(u) = -9*u**s - 2*u**3 + u**3 + 4*u - 7 + 4*u**2. Calculate g(-6).
5
Let g(d) = -d**2 + 7*d - 7. Suppose 53*u - 514 = -37. Give g(u).
-25
Let x(a) = 4*a**3 + a**2 - 9*a + 6. Let c(m) = 3*m**3 + 2*m**2 - 8*m + 5. Let n(p) = -5*c(p) + 4*x(p). What is n(5)?
-6
Suppose -9*i + 30 = -4*i. Let s(f) be the third derivative of f**5/60 - f**4/4 - 2*f**3/3 + 2*f**2. What is s(i)?
-4
Let j(p) = p**3 - 3*p**2 - 2*p + 4. Let u be j(3). Let l(s) = -s**2 + 4*s + 4. Calculate l(u).
-8
Let k(w) = -16*w**3 - 35*w**2 + 18*w + 50. Let y(h) = -3*h**3 - 7*h**2 + 4*h + 10. Let r(p) = 2*k(p) - 11*y(p). Determine r(-8).
-10
Let l(c) = c**3 - 3*c**2 - 724*c - 2*c**3 + 722*c - 2*c**2. Let t(f) = -f - 1. Let z be t(4). What is l(z)?
10
Let p(m) = -12*m - 21*m - 1 + 36*m. What is p(-7)?
-22
Let x(t) = -t**2 - 9*t - 10. Suppose -60 = 5*s + 5*r, -2*s + 4*s + r + 20 = 0. Determine x(s).
-2
Suppose 2*z + 5 = -1. Let j(u) = 18*u - 11*u - 16*u + 2*u**2 + 10*u. Calculate j(z).
15
Let m(k) = 2*k + 2. Let f(d) = d**3 - 5*d + 3. Let h be f(1). Determine m(h).
0
Let c(a) = -4*a**2 - a + 1. Let y be c(1). Let l(q) = -3*q - 1801 + 1795 + 0*q - q. Give l(y).
10
Let k(c) = 5*c**3 - 2*c - 13. Let j(h) = 8*h**3 - 3*h - 24. Let a(r) = 3*j(r) - 5*k(r). Let v = -1 + 1. Calculate a(v).
-7
Suppose 3*s = -9 + 27. Let c be ((-2)/s)/(14/(-294)). Let w(d) = d**3 - 6*d**2 - 7*d - 1. Calculate w(c).
-1
Let i be 4/4 + -2 + -5. Let b(y) be the first derivative of y**2/2 + 43. What is b(i)?
-6
Let m(t) = 2*t**2 - 3*t + 4. Let z be m(1). Let h(a) = -a. Calculate h(z).
-3
Suppose -2*u + 45 = 3*u. Let n(w) = w**2 + 9 + w - u*w + w. Suppose 0 = 28*f + 43 - 211. Calculate n(f).
3
Let w(h) = 2*h**2 - 15*h + 36. Let j be w(3). Let n(m) = m**3 - 8*m**2 - 11*m + 9. Give n(j).
-9
Let b(j) = 3*j. Let m = -210 - -208. Determine b(m).
-6
Let a(i) = 4*i - 4. Let f be 968/121 - -6*3/(-2). Give a(f).
-8
Let c(o) = -o**3 - 5*o**2 - 4*o + 2. Let m be c(-4). Let p(t) = -16*t**2 + 2*t + 7*t**m - t. Calculate p(1).
-8
Let u(a) = -379 + 190 + 30*a + 190. Give u(-1).
-29
Let u(n) = -9*n**3 + 2*n**2 + n. Let y(o) = -8*o**3 + o**2 + 1. Let d(i) = -2*u(i) + 3*y(i). Let k be d(1). Let x(j) = j**3 + 6*j**2 - 3*j - 7. Give x(k).
11
Let y(h) = -h**3 - 7*h**2 + 2*h + 14. Let l be y(-7). Suppose l = -g + 2. Let m(w) = 2*w**2 + w. What is m(g)?
10
Let u(d) = 5*d**2 - d. Let g(m) = 2*m**2 + 11*m - 5. Let b be g(-6). What is u(b)?
4
Let n(z) = 70*z + 125. Suppose -c + 3*c - 110 = 0. Let s(u) = 5*u + 9. Let h(j) = c*s(j) - 4*n(j). What is h(-4)?
15
Let h = 8 - 12. Let r(u) = 2*u**3 + 5*u**2 - 5*u - 3. Let x(c) = -3*c**3 - 7*c**2 + 8*c + 4. Let s(y) = -8*r(y) - 5*x(y). Calculate s(h).
-12
Let m be ((4 - (-15)/10) + -5)*12. Let l(s) be the second derivative of s**3/3 - 3*s**2 - 12*s. Determine l(m).
6
Let i = 7 + -4. Let g(t) be the first derivative of 2*t - 1/4*t**4 - 3 - 3/2*t**2 + 5/3*t**3. Determine g(i).
11
Let m(g) = -3*g - 6. Let b(h) = 7*h**2 + 9*h + 25. Let j(l) = l**2 + 1. Let o(c) = b(c) - 6*j(c). Let z be o(-7). Determine m(z).
-21
Let a(t) be the third derivative of 5*t**2 + 1/6*t**3 - 1/3*t**4 + 0 + 0*t. Calculate a(-1).
9
Suppose 6*d + 1 - 13 = 0. Let c(m) = 10 + 5*m**3 - 6*m**3 - 30*m**d + m + 22*m**2. Calculate c(-8).
2
Suppose -3*m + 5 = -2*m. Let s(x) = m*x**2 + 4 - x**2 - x**3 - 7 - 2*x. Let o be (-2 + 5)/(4 - (-18)/(-6)). Determine s(o).
0
Let l(z) = -z**3 + 3*z**2 + z - 2. Let s be l(3). Let w(g) = 28*g**3 - 1 + g - 6*g**3 - g**2 - 16*g**3. Let u be w(s). Let c(q) = q. Calculate c(u).
5
Let n(g) = -4*g + 2. Let w(p) = 9*p - 3. Let x(a) = -7*n(a) - 3*w(a). Let z = -155 + 160. Calculate x(z).
0
Suppose -17*z = -0*z - 34. Let a(d) = 4*d**2 + 13 - 2*d**z + d - 3*d**2 + 2. Calculate a(0).
15
Let w(f) = f**2 - f - 2. Suppose 46*u - 47*u = -8. Suppose -10*x - 4 = -u*x. Calculate w(x).
4
Let g(y) = -10*y**3 - y**2 + 1 + 4*y**2 - y**2 - 2*y. Suppose 0 = -d + 2*v - 2, 0 = 2*d - v + 11 - 22. Suppose 14*l = d*l + 6. What is g(l)?
-9
Let q(a) be the second derivative of -a**3/6 - a**2/2 + 2*a - 15. Suppose -4*g = -19 + 7. What is q(g)?
-4
Let i = 23 + -30. Let k(s) = -s**2 - 7*s - 3. Let z(n) = -2*n**2 - 14*n - 6. Let c(q) = 7*k(q) - 4*z(q). Calculate c(i).
3
Let a(d) = d**3 + 12*d**2 - 30*d + 30. Let j be a(-14). Let n(h) = -5 - 124*h**2 - 5*h + j*h**2 + h**3 + 61*h**2. Calculate n(6).
1
Let r(t) = -t - 2. Suppose -11 = -2*l - 15. Give r(l).
0
Let q(k) = 1 + 125*k**2 - 170*k**2 + 4*k - k**3 + 39*k**2. What is q(-6)?
-23
Let x(h) be the third derivative of h**5/60 + h**3/3 - 10*h**2. Let f be 2 + (-2)/1 + (9 - 9). Give x(f).
2
Suppose -x - 3 = -5*d, 0 = 2*d + 4*x - 3 + 15. Let n(y) = 50*y + 47*y - 6 - 96*y. Determine n(d).
-6
Suppose -5*k = -4*u - 36 - 68, -4*u - 4 = 0. Let c be k/15*3/(-2). Let w(r) = 2*r + 1. What is w(c)?
-3
Let v = -422 + 426. Let w(h) = -h**2 + 3*h + 5. Calculate w(v).
1
Let i(j) = j**2 - 4*j + 3. Let w be ((-14)/(-21))/(2/(-3)) + 1. Let n be w + (-2 - -3) - -3. Give i(n).
3
Let y(z) be the second derivative of -z**5/20 + 5*z**4/12 - 7*z**2/2 - 503*z. Let r = 1 + -4. Let m be 40/12*r/(-2). What is y(m)?
-7
Let o(v) = -4 + 4 + v**3 + 2*v + 1 - 2*v**2. Suppose 3*q - 2*q - 50 = 0. Let p = q + -48. Calculate o(p).
5
Let t(d) = 362*d - 361*d - 14*d**2 + 12*d**2. What is t(-2)?
-10
Let n(c) = 12 + 1 + c**2 + 2*c - 3 - 7. Determine n(-4).
11
Let b(q) = -q**2 + 5*q. Suppose -710*d - 4 = -711*d. What is b(d)?
4
Let m(y) be the third derivative of y**4/12 - 13*y**3/6 - 3*y**2 - 29*y. What is m(11)?
9
Let b(v) = v**2 + 3*v. Suppose -f = -0*f - 8. Let y = 4 - f. Give b(y).
4
Suppose 0 = 4*x - 0*x - 84. Suppose -4*w - 20 = -4*k, 4*k - 3 = 5*k - 5*w. Let i be (-23)/k + 6/x. Let h(r) = r**2 + 3*r - 2. Determine h(i).
-2
Let y(l) be the first derivative of 8*l**3/3 + l**2 + l + 107. Determine y(-1).
7
Suppose -2*a - 6 = -a. Let v(n) = 2*n + 6. Calculate v(a).
-6
Let l = 28 + -28. Let s(q) = -q - 18 + l*q + 0*q + 7. What is s(-6)?
-5
Let c(q) = 3*q**2 - q**3 + 0 - 4 - 2*q + 6*q + 4*q. Give c(5).
-14
Let h(j) = -j**2 + 6*j + 3. Let r be h(6). Let q be ((-5)/3)/(85/(-102)). Let p(u) = -u**2 - 4 + u - 3*u**3 + q*u**3 + r - 3. Give p(0).
-4
Let d = -314 - -314. Let k(s) = -s + 3*s**3 - 5 - 4*s**3 - 1 + 2*s**3. What is k(d)?
-6
Let d(n) = 8*n - 3. Let f(b) = 16*b - 8. Let o(r) = -7*d(r) + 3*f(r). Calculate o(-2).
13
Let p(a) = a**3 + 3*a**2 - 5*a - 3. Let y be p(-4). Suppose -1 = 2*x + y. Let t(k) be the first derivative of 3*k**4/2 - k**3/3 - k**2/2 + 957. Calculate t(x).
-6
Let p be ((-969)/38 - -18)*4/6. Let y(r) = -r - 7. Determine y(p).
-2
Suppose j + 1 = 2*j, 0 = 3*b - 2*j - 4. Suppose 9 = b*v + 5. Let g(k) = -2*k**3 + k**2 - k + 1. Give g(v).
-13
Let w be (-3 - (-10 + 2)/4)*-2. Let d(u) be the first derivative of 1/3*u**3 - 4 - 2*u + 1/2*u**w. Calculate d(2).
4
Let o = -83 + 83. Let s be 16/(-6)*((-6)/(-4) - o). Let r(x) = 2*x + 6. What is r(s)?
-2
Let x = 39 - 36. Let w(m) = 12 - x - m + 5*m - 2*m. Give w(-7).
-5
Let i(t) be the first derivative of -3*t**2/2 + 3*t - 734. Give i(-13).
42
Let j(t) = 2*t - 8*t**2 + 7*t**3 + 7*t**2 - 43 + 6*t**2 - 9*t. Let f(x) = -3*x**3 - 2*x**2 + 3*x + 21. Let i(s) = -5*f(s) - 2*j(s). Give i(0).
-19
Let m(k) = -k**2 - 5*k. Let q be m(-3). Suppose 5*l = 5 + 5. Let x(u) = 11*u**2 + 4*u - 12*u**l + 4*u - u - 9. Determine x(q).
-3
Let h(t) = -4*t - 1. Let p(r) = -5*r - 3. Let y(d) = 3*h(d) - 2*p(d). Calculate y(3).
-3
Let z(d) = -d**2 - 5*d + 2. Suppose -j + 4*x - 17 = -0*x, -10 = -j - 5*x. Calculate z(j).
2
Let a(x) = 2*x**3 + 2*x**2 - 7*x + 5*x**2 - 3 - 3*x**3. Suppose 4*z = -q - 83, 266 = -2*q - 2*z + 76. Let k = -93 - q. Give a(k).
-9
Let d(t) = 4*t + 9. Let b be d(0). Let o(u) = -b - 11 + 17 + u. Give o(0).
-3
Let b(u) = -u - 1. Let o(j) = -4*j - 11. Let i(h) = -6*b(h) + o(h). Suppose 7*v = 8*v - 18. Let l = -13 + v. What is i(l)?
5
Let q(u) be the third derivative of u**8/6720 + u**7/420 + u**6/120 + u**5/40 + u**4/24 - 2*u**2. Let d(n) be the second derivative of q(n). Determine d(-5).
-2
Let d = -6 - -8. Let u(q) be the first derivative of -5/2*q**2 - 2 + 3*q. Determine u(d).
-7
Let p(y) = -y**2 - 9*y + 45. Let f be (-6)/(-45) - (1028/60 + -5). Determine p(f).
9
Let v(w) = -